ainder when (-9)/(243/85716)*1/((-20)/15) is divided by 793.
2
What is the remainder when 101 is divided by (1 + 27/4)*(36 - 24)?
8
Let f = 378 - 233. Suppose 4*v + 16 = a, 0 = 3*v + 5 + 7. Suppose -13*o - 8*o + 777 = a. Calculate the remainder when f is divided by o.
34
Let i(l) = -2*l**3 - 9*l**2 + 114*l + 24. What is the remainder when i(5) is divided by 74?
45
Suppose 0 = -137*z + 22*z - 17*z + 62436. Calculate the remainder when z is divided by 25.
23
Let p(d) = -4*d - 29. Let z be p(-13). Let i = z - 26. What is the remainder when (-1*(-3 + 2))/(i/(-264)) is divided by 15?
13
Let s = 6557 + -6260. What is the remainder when s is divided by 40?
17
Let t(o) be the third derivative of -o**4/12 + 17*o**3/6 + 4*o**2. Suppose 127*k = 131*k - 20. What is the remainder when k is divided by t(7)?
2
Suppose 2*j = l + 479, j - 236 = 2*l + 2*l. Suppose -5*z = -5*y - j, -5*z - 4*y = -3*y - 270. What is the remainder when z is divided by 18?
17
Suppose 58*v = 54*v + 132. Suppose -249*n - 8739 = -3889 - 26513. What is the remainder when n is divided by v?
21
Suppose -3*m - 5*i = -384, 31*i = -4*m + 32*i + 512. What is the remainder when m is divided by (-1656)/(-63) - (-4)/(-14)?
24
Let j = 5694 + -5681. Calculate the remainder when 366 is divided by j.
2
Let l(m) = 4*m**3 - 14*m**2 - 23*m - 9. Calculate the remainder when 2879 is divided by l(5).
19
Let t(b) = b**3 + 15*b**2 - 17*b + 19. Let c be t(-15). Let v = c + -118. What is the remainder when v is divided by 40?
36
Let v be (-1)/((2 + -1)*-1). What is the remainder when 8*(-3 - (v + -5)) is divided by (-4)/14 - 23/(-7)?
2
Suppose -51 = 9*w - 474. Suppose -2*j + 144 - 48 = 0. Suppose -j*l + w*l = -18. Calculate the remainder when 32 is divided by l.
14
Let l = -111 + 235. Suppose 0 = l*r - 128*r + 2444. Calculate the remainder when r is divided by 22.
17
Let o(q) = q + 10. Let j be o(17). Suppose -j*c = -20*c. Suppose 4*r + 3*r - 301 = c. Calculate the remainder when 169 is divided by r.
40
Let n = 3012 + -2908. What is the remainder when n is divided by 37?
30
Let l(a) = 7*a - 236. Let x be l(38). Let w be -1 - (-1 - 17)/2. Let z = x - w. Calculate the remainder when z is divided by 5.
2
Let k(g) = g**3 - 5*g**2 + 6*g - 11. Let y = 28 + -30. Let u be (-10)/y - (1 - 1). What is the remainder when 75 is divided by k(u)?
18
Suppose -4*y - j + 10 = -3, 0 = y + 5*j - 27. Suppose -m - 8 + y = 5*k, -4 = 5*k - m. Calculate the remainder when k/2*(-5010)/15 is divided by 28.
27
Suppose 4 = -x - 4*h - 7, -61 = -4*x + 5*h. Suppose 3*b - 90 = 4*d - x*d, 120 = 4*b + 3*d. Calculate the remainder when b is divided by ((-34)/(-6))/(2/6).
13
Let a(z) = -z**3 + 34*z**2 - 64*z + 7. Calculate the remainder when a(-10) is divided by 50.
47
Suppose 3*z - 4*h = 3 + 9, -4*z + 29 = -h. Let n = -84 + 136. Calculate the remainder when n is divided by (-82)/z*-2 - (-9)/(-6).
14
Let y(w) = -10*w - 4. Let q(a) = 29*a + 12. Let r(x) = 3*q(x) + 8*y(x). What is the remainder when r(4) is divided by (-114)/(-6) + -17 - (-70)/14?
4
Let g(m) = -8*m + 2. Let r = -446 + 1003. Suppose -z = r - 606. What is the remainder when z is divided by g(-3)?
23
Suppose -18*z - 28*z = -1150. Calculate the remainder when 573 is divided by 156/(-30) - -5 - (-230)/z.
6
Let z(i) = -23*i - 1344. What is the remainder when 134 is divided by z(-61)?
16
Let k(u) = -2*u - 19. Let j be k(-12). Suppose -j*q = -3*d - 0*d + 38, 3*q - 18 = -5*d. Calculate the remainder when 232 is divided by d.
4
Let h(u) = -11*u**3 + 5*u**2 + u - 13. Let q(l) = -31*l**3 + 15*l**2 + 3*l - 39. Let x(i) = 8*h(i) - 3*q(i). What is the remainder when x(3) is divided by 40?
20
Let s = 2460 - 2423. What is the remainder when 422 is divided by s?
15
Suppose 8*o - 10 = 13*o. Let f be (-898)/(-4) + o/(-4). Suppose 12*a = 7*a + f. Calculate the remainder when a is divided by 24.
21
Let b = -3422 - -3500. What is the remainder when 6317 is divided by b?
77
Let b be (6/(10 + -4))/(2/584). Let v = -162 + b. Calculate the remainder when v is divided by 45.
40
Let f(d) = d + 10. Suppose -2*b = -2*k + 364 + 60, -2*k - 3*b = -429. Calculate the remainder when k is divided by f(17).
24
Suppose 3*p = -2*t + 335, 3*p = 104*t - 108*t + 667. What is the remainder when t is divided by 35?
26
Suppose 70*t - 135031 = -99*t. Calculate the remainder when t is divided by 220.
139
Suppose -4 + 8 = 2*x, -433 = -3*g + x. What is the remainder when 1014 is divided by g?
144
Let g be (18/(-8))/((-9)/(-48)). What is the remainder when 85 is divided by 6/4*(-176)/g?
19
Let k = 14 + 0. Calculate the remainder when ((-15134)/4)/47*16/(-14) is divided by k.
8
Let k(s) = s**3 + 18*s**2 - s - 16. Let x be k(-18). Suppose g - 4*l = 204, x*g - l - 356 = -6*l. Calculate the remainder when g is divided by 32.
28
Suppose -2*o + o + s + 20 = 0, -2*o = s - 25. What is the remainder when (4 - 5) + 109 - ((-1794)/(-13))/23 is divided by o?
12
Let r(l) = l**2 - 123*l + 3784. What is the remainder when 172 + (-1 + 3)/2 is divided by r(55)?
41
Suppose 6*m + 17 = v + 4*m, -3*v = 3*m - 6. Suppose -6*r - 1 = -j - 5*r, 0 = -3*j + 4*r + 5. What is the remainder when (-342)/(-18) - (j - 0) is divided by v?
6
Suppose -129*n = -62*n - 8159 + 2330. What is the remainder when 1495 is divided by n?
16
Suppose -162*b - 84 = -174*b. What is the remainder when (-3)/b + 11421/189 is divided by 28?
4
Suppose -4*n = 2*n - 4*n. Suppose 6*c + 0*c - 24 = n. Calculate the remainder when 47 is divided by 9/c*48/9.
11
Let t(k) = 2*k + 18. Suppose l + y + 4 = 3, -2 = 3*l + 4*y. Let j(i) = 4*i + 37. Let s(z) = l*j(z) + 5*t(z). What is the remainder when 29 is divided by s(0)?
13
Suppose -785 = -0*a - 4*a - 3*f, 0 = 3*f - 9. Suppose 15*u - a - 136 = 0. Calculate the remainder when 43 is divided by u.
21
Suppose -j - 7*h + 29 + 232 = 0, -2*j = -h - 447. What is the remainder when j is divided by 85?
56
Let a = 463 - 390. Suppose 69*c = a*c - 176. What is the remainder when c is divided by 17?
10
Let z = -3142 + 3978. What is the remainder when z is divided by 120?
116
Calculate the remainder when (10/(-3))/(-2) - 608/(-288)*993 is divided by 42.
40
Suppose -1855 + 3021 = 9*d - 2776. What is the remainder when d is divided by 52?
22
Let p = -2369 - -2394. Let d(h) = h - 8. Let o be d(6). What is the remainder when 47 - (-3)/((-3)/o) is divided by p?
24
Let k = -55 + 60. Suppose b + 12 = -4*v + 114, 0 = -k*v - 2*b + 129. Calculate the remainder when v is divided by 13.
12
Let f(l) = l**3 - 13*l**2 - 14*l + 6. Let z be f(14). Suppose 2*p + z - 24 = h, 4*h = -4*p + 12. Calculate the remainder when 145 is divided by p.
5
What is the remainder when 2176 is divided by (2/((-12)/(-18)) + -10)*(1 + -14)?
83
Let v(n) = 121*n**2 - n + 1. What is the remainder when v(1) is divided by (-27270)/(-450) - 4/(-10)?
60
Suppose -59*v + 58*v = 615. Let w = -155 - v. Calculate the remainder when w is divided by 66.
64
Suppose -11*x = -16*x + 4*g + 2, -3*g = 4*x - 14. Let a(h) = 16*h + 9. What is the remainder when a(x) is divided by 6/(-5)*(-1 + -4)?
5
Let k(f) = -60*f - 188. Let i(h) = -8*h + 35. Let m be i(5). What is the remainder when k(m) is divided by 38?
36
Let c(k) = -2*k**2 - 54*k - 38. Let l be c(-22). Suppose -r = -5*o + 114, -l = -5*o + 5*r - 52. What is the remainder when 109 is divided by o?
21
Let w(i) = 16*i + 142. Suppose -y - 2*y + 234 = 0. Calculate the remainder when y is divided by w(-8).
8
Suppose -40 = 3*q + 7*q. Calculate the remainder when 361 is divided by 15/((-30)/q) + 26.
25
Let l be (-88)/(-14) - 18/63. Suppose l*d - 548 = 4*d. What is the remainder when d is divided by 12?
10
Let v(t) = -413*t - 971. Calculate the remainder when 824 is divided by v(-3).
20
Let c(f) = 28*f**2 + 323*f - 323. Suppose 3*y + 23 = 182. What is the remainder when y is divided by c(1)?
25
Let u be -20 + 0 + -8 + 6. Let g(h) = -h**3 - 20*h**2 + 43*h + 7. Calculate the remainder when g(u) is divided by 10.
9
Let d(q) = -2*q**2 + 25*q - 10. Let x be d(12). What is the remainder when (-2 - -7) + (31 + x)*1 is divided by (-7)/(-2)*6/3?
3
Let v = -32 + 35. Let h(r) = 5*r**2 - 2 - 2*r**2 - 18 + 5*r. What is the remainder when 175 is divided by h(v)?
21
Let q = 13133 + -12654. What is the remainder when q is divided by 153?
20
Let l = -36 + 38. Suppose 4*o + 6*d - 112 = 